)/10. Let i = -4 + l. Suppose i*x + 5*v - 10 = 0, x - 4*v - 2 = 5. List the prime factors of x.
3
List the prime factors of 4*(-3)/42 - 205/(-7).
29
Suppose 3*r = 4*r - 5. Suppose -3*k + 60 = 3*t, -r*k - 3*t - 5 = -103. What are the prime factors of k?
19
Let o(c) be the second derivative of c**5/20 + c**4/6 - c**3/2 - c**2/2 + 2*c. Let a be o(-3). What are the prime factors of a/(-2 + (-15)/(-8))?
2
Suppose -u - d - 3*d = -19, -5*u = -3*d - 49. List the prime factors of u.
11
Let y(a) = 2*a**2 - 3*a + 1. Let x be y(6). Suppose -x = -0*c - 5*c. Suppose 3*v - c = 13. List the prime factors of v.
2
Suppose 0 = 5*o - 64 - 141. What are the prime factors of o?
41
Let a = 44 + -29. List the prime factors of a.
3, 5
Let j(o) = o**2 - 5*o + 1. Let l be j(5). Suppose l = u - 3. List the prime factors of 30/u*(-4)/(-3).
2, 5
Let a = -94 - -55. List the prime factors of 5 - 1 - (a - -5).
2, 19
Let n(b) = -8*b**2 + 7*b. Let y(x) = x. Let p(f) = -n(f) + 6*y(f). Let a be 2 - 2/(-4)*-6. What are the prime factors of p(a)?
3
Suppose 4*l + 3*j = -4, 0*l = -l - 4*j - 14. Let b be (4/6)/((-2)/(-6)). Suppose -l*h + b = -2. What are the prime factors of h?
2
Suppose x - 145 = -3*m, 0 = m - 2*x - 60. Let k = -36 + m. What are the prime factors of k?
2, 7
Let y = -74 - -171. What are the prime factors of y?
97
Suppose -6*u = -7*u + 1. Suppose 2*o - 5 - u = 0. List the prime factors of o.
3
Let i be 5/(-3)*3*-1. Suppose -80 = -5*j - i. What are the prime factors of j?
3, 5
Suppose 23 + 67 = 5*v. Suppose 37 = 5*n - u, -3*n + 5*n - 2*u = v. What are the prime factors of n?
7
Let f(z) = -7*z - 6. Let g be f(-8). Suppose -4*w = 2*l - 6, 4*l - 4*w = 5 + 7. Suppose 3 = -3*p - l, -4*n + g = -5*p. List the prime factors of n.
2, 5
Let o = 28 - 13. List the prime factors of o.
3, 5
Let u be (7 - 7)*(-1)/2. Suppose -3*b + d + 16 = u, -b = d - 3*d - 2. What are the prime factors of b?
2, 3
Suppose 2 - 16 = -2*g. Suppose 3*x - 25 = -g. Suppose -x*f + f + 50 = 0. List the prime factors of f.
2, 5
List the prime factors of 2/(-8) + 81/36.
2
Let r(j) = 10 + 2*j + j - j. Let w be r(10). Suppose 4*c + c - w = 0. List the prime factors of c.
2, 3
Let h = -81 - -164. What are the prime factors of h?
83
Let s(n) be the first derivative of n**2 - 3*n - 2. Let z be s(4). Let d = z - -11. What are the prime factors of d?
2
Suppose 24 = 4*v - 0. Suppose 5*w - 101 = -v. What are the prime factors of w?
19
Let s = -20 - -33. What are the prime factors of s?
13
Let b(n) = n**2 + n + 3. Suppose 2*d = -2*d. Let j be b(d). Suppose -9 - 18 = -j*l. What are the prime factors of l?
3
Let n(m) = -m**2 + 10*m + 12. Let w be n(11). List the prime factors of 1 + w/((-1)/(-7)).
2
Suppose 4*h - z + 2 + 2 = 0, -3*z - 1 = h. Let r(b) = -9*b + 1. List the prime factors of r(h).
2, 5
Let o be 5 - (3 - 1)/2. Let p be (-25)/3*36/(-20). Suppose -o*l + l = -p. What are the prime factors of l?
5
Let g(t) be the third derivative of 5*t**4/24 - 5*t**3/6 + 2*t**2. Let b be g(5). Suppose -4*n - b = -5*n. What are the prime factors of n?
2, 5
Suppose a = -z - 3*z - 72, 3*a + 72 = -4*z. Let s = 46 - z. What are the prime factors of s/6 + 3/9?
11
Suppose -x - 5*m = 6, -3*x + 3*m = -21 - 15. Let n = 22 - x. What are the prime factors of n?
13
Suppose 4*g - 2*w = -10, 4*w = 3*g + 9 + 6. Let t(y) = 2*y**2 - 2 + 3 + y**2. What are the prime factors of t(g)?
2
Suppose 0 = 5*b + 4*a + 72 - 463, 0 = -2*b + 3*a + 161. What are the prime factors of b?
79
Let s = -4 - -7. Suppose -m + 7 = -4*a, -s*a = -m - 8*a + 7. Let h = 17 - m. List the prime factors of h.
2, 5
Let a(u) = -7*u**2 - 10*u + 16. Let v(t) = 8 - t**2 - 3*t**2 - 5*t + 0*t**2. Let h(m) = -3*a(m) + 5*v(m). What are the prime factors of h(-7)?
2, 3
Let f(d) = d - 4. Let n be f(6). Let o be (-5)/((-10)/24) + 0. Suppose 0*y - n*y = -o. What are the prime factors of y?
2, 3
Suppose 3*m = 2*h + h - 6, -4*m = 2*h + 20. Let c = m - -4. Suppose 0 = 3*b - 4*l + 9 - 43, 3*l + 3 = c. What are the prime factors of b?
2, 5
Let n = -2 + 4. Let p be 1*(0 - n) - -5. List the prime factors of (15/12)/(p/36).
3, 5
Let f be 2/1 + (0 - 11). Let q = f + 13. Suppose -q*x - 3*z + 10 = 0, 5*z - 2 = x - 4*x. What are the prime factors of x?
2
Let w be (-8)/3 - (-4)/6. Suppose 256 = 3*o + 64. List the prime factors of w/3 - o/(-6).
2, 5
Let u(b) be the second derivative of -b**4/12 - b**3/6 + 51*b**2/2 + 3*b. Let i be u(0). What are the prime factors of 2/(-7) - i/(-7)?
7
Let p = -4 - -5. Suppose 9 = 2*k + p. List the prime factors of k.
2
Let t be 6/4*(-20)/(-1). List the prime factors of (-100)/t*66/(-5).
2, 11
Let k(d) = d + 2. Let h(r) = -r + 1. Let m(t) = h(t) - k(t). List the prime factors of m(-2).
3
Let s(k) be the second derivative of -k**5/20 + 2*k**4/3 + 5*k**3/3 - 7*k**2/2 + k. Let d be s(9). Suppose v - 24 = -d*v. List the prime factors of v.
2
Let v = -7 - -2. Let x be ((-22)/(-8))/(11/44). Let j = v + x. List the prime factors of j.
2, 3
Let a = -194 - -448. List the prime factors of a.
2, 127
Let u(t) = 16*t - 4. Let g be u(2). Suppose -3*w = w - c - g, -2*w - 3*c = -28. List the prime factors of w.
2
Suppose 4*s + c = -0*c + 25, -4*c + 28 = 4*s. Let d(l) = l**3 - 6*l**2 + 8*l - 4. What are the prime factors of d(s)?
2, 11
Suppose -5 = v + 3. What are the prime factors of -12*(-1 - (-6)/v)?
3, 7
Let o = 169 + -245. List the prime factors of (o/7)/(8/(-28)).
2, 19
Suppose 0 = 4*z - 2*z - 3*l - 97, 0 = 5*z + 2*l - 195. List the prime factors of z.
41
Let c be 9*(20/6)/5. Let j(g) = 2*g**2 - 6*g + 4. List the prime factors of j(c).
2, 5
Suppose 20*x - 5618 = 882. List the prime factors of x.
5, 13
Let v = 48 + -5. Suppose -6*c - 3*u + v = -2*c, 40 = 5*c + u. List the prime factors of c.
7
Let g = -6 + 16. Suppose 2*q - 33 = -w, 4*w - 5*q = -g*q + 126. List the prime factors of w.
29
Let u(c) = -c**3 - 4*c**2 - 2*c + 2. List the prime factors of u(-5).
37
Suppose 0 = 3*h + 5*c + 3, -2*h + 0*c + 2 = 2*c. Suppose -2 = r - h. Let z(w) = 2*w**2 + 2*w - 3. What are the prime factors of z(r)?
3
Let n(k) = -9*k - 23. List the prime factors of n(-6).
31
Suppose 2*d - 4*d + 44 = 0. What are the prime factors of d?
2, 11
Let z = 17 + -33. Suppose 2*i - 15 = -1. What are the prime factors of ((-4)/i)/(z/56)?
2
Let m = -102 + 200. What are the prime factors of m?
2, 7
List the prime factors of (-4)/(4 - 85/20).
2
Let a = 3 + -7. Let b(p) = p**3 + 5*p**2 - 4*p - 3. Let l be b(a). Let z = l + -18. What are the prime factors of z?
11
Suppose -3*w - f - 2 = -2*f, 2*f - 4 = -w. Suppose w = -d - 3, 4*j - j + 3*d = 99. Suppose 8*k - 4*k = j. What are the prime factors of k?
3
Suppose -5*s - y = -1166, -s = 4*y - 295 + 58. List the prime factors of s.
233
Suppose -4*b = 3*l - 0 + 11, 0 = 3*l + 5*b + 13. Let p be 2 + (0 - l) - 1. What are the prime factors of p*-1*11/(-2)?
11
Suppose 4*s + 26 = 134. What are the prime factors of s?
3
Suppose -2*u + 5*m + 1 = -23, -5*u - 4*m = 6. List the prime factors of u.
2
Let f(p) be the first derivative of -1/2*p**2 + p + 7/3*p**3 - 1. What are the prime factors of f(1)?
7
Let p be 18/(-12)*4/(-3). Suppose -3*k + 20 = -p*k. Suppose -4 + k = 4*w. What are the prime factors of w?
2
Let o = 25 + 61. List the prime factors of o.
2, 43
What are the prime factors of ((-19)/(-4))/(1/4)?
19
Let l(x) = -2*x**2 - 4*x - 2. Let q be l(-5). Let g = -5 - q. Suppose -2*t + g = t. What are the prime factors of t?
3
Suppose -34 - 88 = -4*p - 3*c, 2*p + 5*c = 54. Suppose -45 = 5*r - 4*k - 111, -p = -2*r + 3*k. List the prime factors of r.
2, 5
Suppose -7*p + 2*p + 70 = 0. List the prime factors of p.
2, 7
Let j = 484 + -270. What are the prime factors of j?
2, 107
Let j(i) = -11*i - 4. Let l(p) = -5*p**2 + 3*p - 2. Let a be l(1). What are the prime factors of j(a)?
2, 5
Let p(y) = 0 + 0*y**2 + 0 + 2*y**2 - y - 2. List the prime factors of p(2).
2
Let g(a) = 7*a**3 + a**2. Let w = -3 + 4. Let p be g(w). List the prime factors of p/(-3)*(-3)/2.
2
Suppose 2*q + 66 = 4*d + 480, -419 = -2*q + 3*d. What are the prime factors of q?
7, 31
Let o = -125 - -201. List the prime factors of o.
2, 19
Let l(n) = -11*n + 1. Let a be l(1). Let v be (a/(-4) + -2)*30. Suppose 5*o - 12 = -q, 0*q + 5*q + v = 0. What are the prime factors of o?
3
Let n = -106 - -110. List the prime factors of n.
2
S